111110011?
110010010110
In base 5, what is 111400011 + 13133?
111413144
In base 4, what is -200020021031023 + 2?
-200020021031021
In base 11, what is 4 + 46757644?
46757648
In base 15, what is 5 + 324a0d?
324a13
In base 2, what is 10011010101 - 10001100110110001110?
-10001100100010111001
In base 6, what is -5 + -44041114?
-44041123
In base 4, what is 1132 - 133210212?
-133203020
In base 9, what is -15 - 365462?
-365477
In base 8, what is 25503 + 16365?
44070
In base 5, what is 2 + -14114412211?
-14114412204
In base 9, what is -847 + 660?
-177
In base 7, what is 123340312 - 0?
123340312
In base 12, what is -9b220 - -2b?
-9b1b1
In base 3, what is 100221002220220 - 1010?
100221002212210
In base 6, what is -105311 - -103535?
-1332
In base 2, what is 1010101000101011 + 10011010010111?
1101000011000010
In base 16, what is e198a + 10?
e199a
In base 7, what is -52 - -1132324?
1132242
In base 3, what is 0 + -11110200010010?
-11110200010010
In base 2, what is 1111110010011001 - -1101111?
1111110100001000
In base 9, what is -11 + -2333154?
-2333165
In base 13, what is -612070 - -103?
-611c6a
In base 2, what is 1101 + -1100101000011011000111100?
-1100101000011011000101111
In base 5, what is 4001210 + 1141?
4002401
In base 14, what is -1728a - 43d5?
-1b681
In base 10, what is 329992954 + -5?
329992949
In base 13, what is 57081432 - 3?
5708142c
In base 2, what is 0 + -1110100001011101010?
-1110100001011101010
In base 8, what is -102710572 - 61?
-102710653
In base 11, what is -125 + -393835?
-39395a
In base 3, what is 211001101101 + 1?
211001101102
In base 11, what is 18 + -11a24a?
-11a232
In base 5, what is 131332112 - -10?
131332122
In base 3, what is 10012 - 101111212202?
-101111202120
In base 2, what is 100000101101001101 - -10001?
100000101101011110
In base 4, what is 0 - -3201221200?
3201221200
In base 14, what is -5375b10c + -5?
-5375b113
In base 11, what is 7574053 + 4?
7574057
In base 14, what is 19c8 - 384?
1644
In base 12, what is 12116 - 197?
11b3b
In base 6, what is 2435040 + -113?
2434523
In base 4, what is 1231223 + -103?
1231120
In base 4, what is 33121 + -211?
32310
In base 13, what is 14c66b6 - -7?
14c66c0
In base 11, what is -46 + 4aa694?
4aa649
In base 15, what is -7c0ece + 4?
-7c0eca
In base 11, what is a49087 + 7?
a49093
In base 13, what is -166 - -a628?
a492
In base 15, what is 31ab87 - 3e?
31ab48
In base 2, what is 10000111100111000100000 + -1001?
10000111100111000010111
In base 7, what is -5 - 100022354?
-100022362
In base 14, what is -8d9 - 2622?
-311b
In base 11, what is 1459635 + 15?
145964a
In base 5, what is -43443 + -2313144?
-2412142
In base 3, what is 102000 + -100122022?
-100020022
In base 14, what is -7 + 179c2?
179b9
In base 7, what is 616156 + -31352?
554504
In base 15, what is 775835 - 2?
775833
In base 16, what is -2ab - -1733b?
17090
In base 14, what is -25989 - 45?
-259d0
In base 14, what is -3 - 19b7c7d8?
-19b7c7db
In base 16, what is 5 - -8d2aec?
8d2af1
In base 4, what is 10112003000203 - 0?
10112003000203
In base 13, what is c8 + 53756c?
537667
In base 16, what is 711e - -3?
7121
In base 13, what is -25 + -738468?
-738490
In base 2, what is -1110110011001001011 - -1010111?
-1110110010111110100
In base 8, what is 5 + 26007636?
26007643
In base 12, what is 53 + a57b2?
a5845
In base 7, what is -12202 - 143211?
-155413
In base 15, what is 5955e - -52?
595b1
In base 2, what is 111000100010100100010110 + -1110?
111000100010100100001000
In base 12, what is -50a9059 + 2?
-50a9057
In base 15, what is 121 - -6a0a?
6b2b
In base 7, what is -5243 - -13122?
4546
In base 14, what is -252670a + -2?
-252670c
In base 4, what is 20333331 - -12102?
21012033
In base 6, what is 5441442 - 2?
5441440
In base 2, what is -1000111 + -1000111111000000110100?
-1000111111000001111011
In base 8, what is -1006265 + 40?
-1006225
In base 9, what is -3 - -10327803?
10327800
In base 5, what is 2 + -13124033231?
-13124033224
In base 2, what is -1010111101110010111110 - 1100?
-1010111101110011001010
In base 2, what is 10010000110 + -1100011111000?
-1010001110010
In base 14, what is 92c28 - -14d7?
94321
In base 4, what is -1133300 + 12203222?
11003322
In base 4, what is -112303211231 - -1212?
-112303210013
In base 11, what is 35525 + -267?
35269
In base 4, what is 11300 + 2203311?
2221211
In base 5, what is 21141143 - 113?
21141030
In base 5, what is -4114 - -4040312?
4031143
In base 13, what is -a09 + b488?
a77c
In base 16, what is 102308e + 5?
1023093
In base 10, what is -3 + -24176005?
-24176008
In base 10, what is 33988 - 541?
33447
In base 5, what is -1324 - -300420421?
300414042
In base 6, what is 341313 - 14303?
323010
In base 12, what is 808330 + 7b?
8083ab
In base 12, what is 1118 + -76b5?
-6599
In base 6, what is 143200235 - 103?
143200132
In base 8, what is -117032 - 3630?
-122662
In base 2, what is -1001011100111 - 1100011011011111?
-1101100111000110
In base 9, what is 34233137 - -11?
34233148
In base 9, what is -11142543 + 4?
-11142538
In base 9, what is 42420470 + -3?
42420466
In base 5, what is -12202100401 - -11?
-12202100340
In base 10, what is 3 + 1033573?
1033576
In base 3, what is -212021021101 - 101202?
-212021200010
In base 6, what is -50132 - 52054?
-142230
In base 10, what is -31105 + -118?
-31223
In base 4, what is 31213032322 - 231?
31213032031
In base 11, what is 8 - -376325?
376332
In base 5, what is 3322343402 + 3?
3322343410
In base 8, what is -1357 + -177756?
-201335
In base 5, what is -330404240 - -30?
-330404210
In base 14, what is -5 - bc2bda?
-bc2c01
In base 14, what is 311582 + -2?
311580
In base 10, what is -3 - 251886?
-251889
In base 13, what is -286a5c3 - -21?
-286a5a2
In base 14, what is -6 + -1683a10?
-1683a16
In base 16, what is -1a1af7 - -3d?
-1a1aba
In base 3, what is -202220012012 - -1122?
-202220010120
In base 6, what is 1045 - 14143545?
-14142500
In base 13, what is -2 - 3a5b230?
-3a5b232
In base 15, what is -133 - a39c3?
-a3b06
In base 13, what is -5c991b2 + 0?
-5c991b2
In base 4, what is 30322212 - -10132?
30333010
In base 14, what is 6a61 + -84b?
6214
In base 4, what is -11132 + 10233222?
10222030
In base 7, what is 5232 + -215122?
-206560
In base 2, what is 1111011001001 - -110100111?
10000001110000
In base 8, what is 12246357 - 2?
12246355
In base 16, what is -d1 - dc39?
-dd0a
In base 6, what is -202111232034 - -2?
-202111232032
In base 2, what is -10110110 - -1100111100111000?
1100111010000010
In base 15, what is -3e0e32 - -ca?
-3e0d57
In base 7, what is -632236420 - 4?
-632236424
In base 11, what is -16 + -1944114?
-194412a
In base 14, what is -108 - 21787?
-21891
In base 7, what is 10254566 - 2?
10254564
In base 6, what is 21305 - -114115?
135424
In base 7, what is -56 - 35455?
-35544
In base 8, what is 1453 + 474575?
476250
In base 7, what is 136101253 - 1?
136101252
In base 15, what is -33845 - e?
-33854
In base 13, what is 19323b + 1?
19323c
In base 9, what is 727422 + -27?
727384
In base 7, what is 43656 - -126426?
203415
In base 6, what is -153 - 13404403?
-13405000
In base 7, what is 0 + 251646014?
251646014
In base 14, what is 0 - 2241353?
-2241353
In base 5, what is 2341043440 + 220?
2341044210
In base 5, what is 10312134443 + -2?
10312134441
In base 3, what is 112201000 + 22202?
120000202
In base 5, what is 103003322141 + -44?
103003322042
In base 3, what is -100112111220 - 210110?
-100120022100
In base 12, what is -2 - -b984a3?
b984a1
In base 7, what is 0 + -140126212?
-140126212
In base 8, what is -3336 + -3654?
-7212
In base 10, what is 3355444 - 10?
3355434
In base 14, what is -6a + -17d7?
-1863
In base 11, what is -1 + 29767a?
297679
In base 6, what is -420344 + -2000?
-422344
In base 10, what is -30 + -1290203?
-1290233
In base 6, what is -1 + -443043441?
-443043442
In base 3, what is 101 + -1001102111120011?
-1001102111112210
In base 15, what is 44 - -3598a?
359ce
In base 14, what is b37c1dd - -3?
b37c202
In base 15, what is 5120 + 21e?
533e
In base 12, what is -7563803 + -2?
-7563805
In base 11, what is 11074 - 2646?
9529
In base 9, what is 5 - 232001688?
-232001683
In base 11, what is -1a74160 - -96?
-1a74075
In base 13, what is -c25368a - -2?
-c253688
In base 15, what is -22eb7d1 - 12?
-22eb7e3
In base 2, what is -100000111100110110101 + -101001?
-100000111100111011110
In ba